-6. What is the remainder when 38 is divided by a?
16
Let z = 3293 - 2527. What is the remainder when z is divided by 21?
10
Suppose -2*f = -f - 3*p - 15, -4*f = -4*p - 20. Suppose f = -0*j + 3*j - 3*k - 372, -233 = -2*j + 5*k. Calculate the remainder when j is divided by 22.
19
Let c = 121 + -106. What is the remainder when 21 is divided by -19 + c + (2 - -15)?
8
Suppose 440 = k - 15*j + 11*j, k + 5*j = 485. What is the remainder when k is divided by 49?
19
Suppose 4*k = 3*z - 469, 0 = -5*k - 5*z + z - 563. Let q = k - -258. What is the remainder when q is divided by 48?
47
Suppose -36*s + 38 + 34 = 0. What is the remainder when s*(520/26 - 2/(-1)) is divided by 7?
2
Suppose 0*g - g = h - 8, -3*g = 4*h - 27. Let t be g/((-45)/(-10) - 4). Let m(r) = r**3 - 9*r**2 - 10*r + 13. What is the remainder when 34 is divided by m(t)?
8
Let c be ((-10)/(-5))/(-1 + -1) + 215. Suppose 3*k + 0 = -3, -2*b - 2*k = -c. What is the remainder when b is divided by 28?
24
Let t = 44 - 7. Suppose -56*z - 516 = -61*z + 3*s, 5*s = -5*z + 580. Calculate the remainder when z is divided by t.
34
Suppose 3*u - 332 = -5*w, -5*w - 5*u = -6*w + 44. Let v = w + -58. Calculate the remainder when 6 is divided by v.
0
Let r be -1*(-12)/2 + -3. Suppose -r*q = -4*z + 125, 3*z - q + 9 = 99. Calculate the remainder when 173 is divided by z.
28
Let l be (33/18*9)/((-2)/(-20)). Let f = -153 + l. What is the remainder when 50 is divided by f?
2
Suppose 0 = 7*n - 85 - 6. Calculate the remainder when 62 is divided by n.
10
Suppose 16*x = 1601 + 3519. Calculate the remainder when x is divided by 34.
14
Let k be (-1 + -1 - 0) + (-16 - -24). Let a(q) = 4*q**2 - 19*q + 4. What is the remainder when a(k) is divided by 11?
1
Suppose 118 = 2*t + t + w, -3*w + 74 = 2*t. Let g be ((-256)/t - -6) + 914/10. Suppose -371 = -11*o + g. What is the remainder when 207 is divided by o?
39
Suppose 2*y + 5*h - 3055 = 0, 20*y + 4*h = 23*y - 4548. What is the remainder when y is divided by 489?
53
Let a(c) = 4*c**2 + 24*c. Suppose x - 198 = -204. Let b be a(x). Suppose -5*q + 56 + 24 = b. What is the remainder when 44 is divided by q?
12
Suppose -134*c + 132*c + 556 = 0. Calculate the remainder when c is divided by 57.
50
Let d = 5426 - 5396. Calculate the remainder when 1616 is divided by d.
26
Suppose -16*p - 2839 + 5719 = 0. Calculate the remainder when 1995 is divided by p.
15
What is the remainder when 3081 is divided by (-4 - 22/(-5))*(-1 + 3370/20)?
66
Suppose -3*n = 38 + 10. Let r(j) = j + 38. Calculate the remainder when 73 is divided by r(n).
7
Suppose 8*n - 10*n = 3184. Let j be n/(-28) + 3/21. Suppose -5*t = -j - 8. What is the remainder when 24 is divided by t?
11
Suppose -3*v + 74 = -2*i, -4*v + 3*i = -2*v - 46. Calculate the remainder when 159 is divided by v.
3
Let m = -45 - -72. Suppose 6*v = 3*v + 5*z + 116, -183 = -4*v + z. Calculate the remainder when v is divided by m.
20
Let h = -210 + 384. Suppose -5*c + 412 = 167. Suppose v = 5*d - 225, -d + 5*v - 4*v = -c. Calculate the remainder when h is divided by d.
42
Let r(p) = -20*p - 1639. Calculate the remainder when r(-97) is divided by 56.
21
Suppose -48*m + 29244 - 7452 = 0. Calculate the remainder when m is divided by 21.
13
Suppose -a = -5*y - 4*a + 135, -5*y + 3*a = -105. Let s be (-4 + 13)*(-3 - y/(-9)). What is the remainder when 71 is divided by (4/(-5))/(s - 356/(-120))?
23
Let x be (-1)/(-4*(-5)/(-40)). Suppose -86 = x*k - 350. What is the remainder when k is divided by 34?
30
Suppose 4*f + 491 = -4*p + 27, -4*p - 3*f = 466. Suppose -5*a = -2*a - 18. Let d = a - p. Calculate the remainder when d is divided by 25.
24
Suppose 2*b = 3*b - 158. What is the remainder when b is divided by ((119/(-34))/1)/((-1)/4)?
4
Suppose -t + 981*l - 983*l + 504 = 0, -2007 = -4*t - 5*l. What is the remainder when t is divided by 125?
123
Let q = -1602 + 2213. Calculate the remainder when q is divided by 155.
146
Let x(b) be the second derivative of b**4/12 + b**3/3 + 179*b**2/2 - 22*b. Calculate the remainder when x(0) is divided by 46.
41
Let r be 32/(112/735 + (-2)/7). Let k = -226 - r. Calculate the remainder when 94 is divided by k.
10
Suppose 4*d + s - 10 = 0, -5*d - 3 = -4*s - 5. Let x be (-4)/d + 7 - (-3 - -4). Suppose -x*c = 44 - 440. What is the remainder when c is divided by 34?
31
Suppose 3*z + 5 = 14. Suppose 200 + 220 = 2235*f - 2175*f. What is the remainder when f is divided by z?
1
Let w be 3 + (-5 - 826/7). Let s = w + 130. Calculate the remainder when 118 is divided by s.
8
What is the remainder when 545 is divided by (-29)/((-696)/312) - (0 + 6)?
6
Suppose -22*d = -11022 + 3058. Calculate the remainder when d is divided by 54.
38
Let d = -113 - -133. Suppose d*b - 746 - 2294 = 0. Calculate the remainder when b is divided by 11.
9
Suppose 45 - 49 = -4*o, 5*o = -3*x + 41. What is the remainder when 1051 is divided by x?
7
Suppose 3 = -7*w + 6*w, 5*n - 40 = 5*w. What is the remainder when 197 is divided by n?
2
Suppose u + 5*w - 47 = 0, 45*u - 48*u = -2*w - 5. Calculate the remainder when 83 is divided by u.
6
Let r(x) = -x**3 - 10*x**2 + 27*x - 8. Let a be r(-9). Let w = 517 + a. Calculate the remainder when w is divided by 9.
5
Suppose 284101 + 239401 = 183*u + 59414. Calculate the remainder when u is divided by 54.
52
Suppose -2*i - 33*q = -31*q - 492, -i - 4*q = -237. What is the remainder when i is divided by 137?
112
Let z(v) = v - 29. Let o be z(17). Let w be o/8*(-40)/(-4). Calculate the remainder when 33 is divided by (-352)/(-40) + (-3)/w.
6
Let p = 18 + -13. Let g(k) = 11*k**2 + 12*k + 28. Let j be g(-4). Calculate the remainder when p is divided by j/182*(-14)/(-3).
1
Let w(k) = 3*k**3 + 79*k**2 + 118*k - 15. What is the remainder when w(-24) is divided by 54?
51
Suppose -20 = -5*l + 15. Let m(u) = u**3 + 16*u**2 - u - 18. Let t be m(-16). Calculate the remainder when t*1*(-27)/2 is divided by l.
6
Let f(q) be the third derivative of -18*q**2 - 11/6*q**3 + 1/6*q**4 + 0 + 0*q. What is the remainder when 45 is divided by f(7)?
11
Let s = -8574 - -19036. Calculate the remainder when s is divided by 16.
14
Let f = 184 - 182. Suppose f*d - 16*b = -17*b + 79, 3*b + 181 = 5*d. Let z(p) = 37*p**2 - p - 1. Calculate the remainder when z(-2) is divided by d.
35
Suppose -5*a + 53 = 73. What is the remainder when a/6*564/(-8) is divided by 24?
23
Let j = 9918 + -9908. Calculate the remainder when 68 is divided by j.
8
Suppose 11*s - 4779 = 2668. Suppose 2*v = -3*v - 3*g + s, 0 = -3*v + g + 395. What is the remainder when v is divided by 17?
14
Let n(m) = -m**2 + 6*m - 3. Let b = -22209 - -22228. What is the remainder when b is divided by n(4)?
4
Suppose 0 = -4*w + w + 12. Let u(a) = -9 + 9 + 9*a. What is the remainder when u(w) is divided by 10?
6
Suppose 6*h = h - 5, 3*h = t - 128. Let f = t - 9. Let u = 161 + -141. What is the remainder when f is divided by u?
16
Let b = -7 + 16. Suppose 9*w + 10*w - 1847 = 2960. Suppose -b*l + w = -8. What is the remainder when 86 is divided by l?
28
Suppose 3*z - 197 + 242 = 0. Let c(n) = 2*n**2 + 4*n + 3. Calculate the remainder when (-116)/(-20) - -3 - 3/z is divided by c(-2).
0
Suppose -7*w + 14*w = 1288. Suppose -w*j - 140 = -188*j. Calculate the remainder when 209 is divided by j.
34
Suppose 2*h - 2*h + 7*h = 0. Suppose h = -25*x + 264 + 11. Let c(b) = -11*b - 4. What is the remainder when c(-3) is divided by x?
7
Let n = 2659 - 2580. Suppose 89 + 58 = 3*w. Let m = n - w. What is the remainder when 56 is divided by m?
26
Suppose 0 = -2*g + 5*k, -k + 14 + 8 = 4*g. Suppose -11*y = -7*y - g*q - 26, 2*y - 6 = -q. Calculate the remainder when 65 is divided by y.
1
Let q = 210 - 200. Suppose -q*r = -92 - 138. What is the remainder when r is divided by 19?
4
Let x = 109 - 69. Suppose v + 3*c = -35, -4*c + x - 160 = 3*v. What is the remainder when 77 is divided by 2 - 2 - (3 + 0 + v)?
36
Suppose 0 = -j - y + 9, y = 4*j + j - 21. Suppose -15*p = -j*p - 480. Calculate the remainder when p is divided by 26.
22
Let i(a) = a**3 + 6*a**2 - 16*a - 70. What is the remainder when 1046 is divided by i(-5)?
31
Suppose -9262*s - 1756 = -9266*s. What is the remainder when s is divided by 94?
63
Suppose -6 = -3*b, -3*c - 3*b - 62 = -5*c. What is the remainder when 73 is divided by c?
5
Let y(o) = o**3 + 15*o